Let v be 0 + 5 + 5 + -7. Let a be ((-2)/v*-21)/2. Suppose 0 + a = 3*u - 2*s, u + 4*s - 7 = 0. What is the units digit of u?
3
Let u(i) = -i - 8. Let p be u(-9). Suppose 4*k = 13 - p. Suppose 0 = -k*b + b + 4, 2*b = 5*r - 36. What is the units digit of r?
8
Let b = -63 - -106. What is the tens digit of b?
4
Let f be 3/(-2)*(-4)/3. Suppose -3*t = -5*m + 10 + 6, 3*t = f*m - 1. Suppose m*q - 21 = 4. What is the units digit of q?
5
Let g = -10 + 11. Suppose 2*c - g = -21. What is the units digit of (-35)/c - (-1)/2?
4
Let x = -38 - -108. What is the units digit of x?
0
Suppose -2 = 2*p, -6*t - 5*p = -t + 15. Let k = -1 - t. What is the units digit of k?
1
Let j(f) = -f**3 + 11*f**2 - 7*f - 9. Let x be j(10). Let q = x - 13. Let g = q + 4. What is the units digit of g?
2
Let f(l) = -5*l - 1. Let i be f(1). Let o(w) = -w**2 - 8*w - 5. Let q be o(i). Suppose -40 = -q*t + 3*t. What is the tens digit of t?
1
Suppose 0 = x + 5, 0 = 3*i + 4*x + 15 - 130. What is the tens digit of i?
4
Suppose 2*t = 3*g - 2*t - 67, -103 = -5*g - 2*t. Suppose 24*p - 42 = g*p. What is the units digit of p?
4
Let k = -259 + 367. What is the hundreds digit of k?
1
Let y(v) = 2*v + 17. What is the tens digit of y(12)?
4
Let k(a) be the second derivative of 0 - 1/20*a**5 + 1/3*a**4 + a - 1/2*a**2 - 1/6*a**3. What is the units digit of k(2)?
5
Suppose -o - 1 - 1 = 0. Let f be (-15)/o + (-1)/(-2). Let b = f + 0. What is the units digit of b?
8
Let i = -10 - -12. Suppose -110 = -5*z + o + o, 0 = i*o + 10. What is the units digit of z?
0
Suppose 5*x - 6*x + 5*t + 27 = 0, x - 17 = 3*t. What is the units digit of 4/2 + (-2)/x?
1
Suppose -4*o + 3*s - 1 = 2, 3*s - 6 = 3*o. Suppose 4*f + o*a = -2, -f + a + 3 = -0. Suppose -q + f = -2. What is the units digit of q?
3
Let p be 0/(((-1)/1)/((-6)/(-12))). Suppose 3 - 5 = k - d, -5*k - 45 = 2*d. Let m = p - k. What is the units digit of m?
7
Let u(t) = -t**3 - 12*t**2 + 2. What is the units digit of u(-13)?
1
Let i(l) be the second derivative of l**4/12 + 5*l**3/6 + 7*l**2/2 + l. Let n(g) = -g - 5. Let f be n(0). What is the units digit of i(f)?
7
Let x = -18 - -10. Let n(f) = f**3 + 8*f**2 + 11. What is the units digit of n(x)?
1
Let i(v) = 32*v + 14. Let p be i(-7). What is the units digit of (p/(-25))/(2/10)?
2
Let a(y) = y + 1. Let d be a(1). Let g be d/5 - (-26)/10. Suppose 5*r + 76 = 4*i, -g*i - r + 51 = 13. What is the units digit of i?
4
Suppose -g - a + 11 + 5 = 0, 53 = 3*g + 4*a. Let d(c) = c**3 - 11*c**2 + 15. What is the tens digit of d(g)?
1
Let h(t) = 0*t + 1 - 2*t + 0*t. What is the tens digit of h(-10)?
2
Let a be (-4)/(-10) - (-1062)/(-30). Let b = a + 59. What is the tens digit of b?
2
Let x(f) = -5*f**3 - f**2 - f + 1. What is the tens digit of x(-2)?
3
Suppose -20 = -3*g - 8. Suppose -5*y = -g*y - 16. What is the units digit of y?
6
Let y = 124 - -72. What is the hundreds digit of y?
1
Let y(o) = o + 15. What is the tens digit of y(0)?
1
What is the units digit of ((-14)/(-10) + (-12)/30)*127?
7
What is the units digit of -2 + 0 - (-5 - 26)?
9
Let p = -98 - -119. What is the units digit of p?
1
Let b = 16 + -11. Suppose 0 = -b*u + 1 + 34. Suppose -4*t + u*t = 6. What is the units digit of t?
2
Suppose -x + 786 = 5*x. Let b = x - 78. What is the units digit of b?
3
Let y be 1*(1 + 0 + 1). Let a be (-1 + y/2)*1. Suppose 3*l - 3 = -a*l. What is the units digit of l?
1
Let j be 2 + -2*12/(-8). Suppose -2*s - s = 3*l - 12, j*s = -3*l + 16. What is the units digit of s?
2
Let d = -9 - -10. Let s(k) = 7*k**3 - 2*k**2 + k. What is the units digit of s(d)?
6
Let o be -4 - (-6 - -2 - 42). Let j = o + 11. What is the units digit of j?
3
Let t(v) = -v**2 - 5*v + 4. Let d(h) be the second derivative of -h**3/2 - 3*h. Let p be d(1). What is the tens digit of t(p)?
1
Suppose -5*h = -4*h - 2. Suppose -5*o - 4*m + 5 + 41 = 0, o - 7 = -3*m. Suppose -c + h*c = o. What is the tens digit of c?
1
Let o = -27 + 56. What is the tens digit of o?
2
Suppose -2*o = 33 - 85. What is the units digit of o?
6
Suppose -3*r - 2*r = -100. Let j = r + -9. What is the units digit of j?
1
Let p(o) = -o**2 + o - 1. Let w(b) = 4*b**2 - 6*b - 2. Let v(r) = -5*p(r) - w(r). What is the units digit of v(-3)?
3
Suppose -4*o + 307 + 25 = 0. What is the units digit of o?
3
Suppose -5*h + 18 + 2 = 0. Suppose 0 = -k - h*k - 25. What is the units digit of k/(-20) - 7/(-4)?
2
Suppose 2*x - 4*x = -6, -3*q - 5*x - 21 = 0. What is the units digit of ((-21)/q)/(1/24)?
2
Let o(u) = u**3 - 2*u**2 + 5*u + 3. What is the units digit of o(5)?
3
Suppose -3*i + 789 = 3*r, 3*r + 5*i - 785 = -0*r. What is the hundreds digit of r?
2
Let v be (-1 - (-4 + 4))*-5. Suppose 2*k + 132 = v*t, 4*t = t + 5*k + 83. What is the tens digit of t?
2
Let x be 6/27 + (-43)/(-9). Let g = x + -3. What is the units digit of g?
2
Suppose 0 = 2*t - 10 - 0. Suppose 4*z = 3*k - 87 + 231, 3*z + t*k = 108. What is the units digit of z?
6
Let i(u) = -25*u - 2. What is the units digit of i(-1)?
3
Suppose 0*z + 4*y = -2*z, -y = -4*z + 18. Let j(d) = d**3 - 4*d**2 + 2. What is the units digit of j(z)?
2
Let v be 2 - ((-2)/(-2) - 0). Let r be (-1)/(v + (-3)/6). What is the units digit of 4/4 - (r - 1)?
4
Let z(b) = -b + 179. What is the hundreds digit of z(0)?
1
Suppose -4*q + 0*q = -5*f - 20, 10 = 2*q. Suppose -b - 148 = -5*u, f = -3*u - 4*b + 73 + 25. What is the units digit of u?
0
Let r be (-2 + -13)*4/(-6). Suppose 0*i + x = -2*i + 2, -2*i + 5*x - r = 0. Suppose i = -g - t + 2, 2*t + 49 - 11 = 5*g. What is the units digit of g?
6
Let c be (-2)/11 - (-96)/44. Suppose c*s - 11 = 3. What is the units digit of s?
7
Suppose 2 + 10 = -4*x. Suppose -4 = 4*a - 0*a. What is the units digit of 2 - (a - -1)/x?
2
Suppose 5*f = 59 + 81. What is the tens digit of f?
2
Let y(a) = a**3 + 5*a**2 - 3*a + 6. Let b be y(-6). What is the units digit of b*(-2 + (-6)/(-4))?
6
Suppose -l - 5*a + 26 = -22, 2*l - a = 52. What is the units digit of l?
8
What is the tens digit of (98 + 0)/(-2 - -4)?
4
Let t be (0 + 15)*25/(-15). What is the units digit of 12/15*t/(-2)?
0
What is the units digit of (6/4)/(15/40)?
4
Let g = 31 + -22. Let v = 17 - g. What is the units digit of v?
8
Suppose -5*p = 5*n - 415, p + 9 = -4*n + 107. What is the units digit of p?
8
Let b = 5 - 3. Suppose -w - 1 = p, 4*w = -0*p - 5*p - b. Let k = p + 1. What is the units digit of k?
3
Let o = 30 - 27. What is the units digit of o?
3
Suppose -186 = -4*l + l. What is the units digit of l?
2
Suppose 0 = -5*y + g + 24 + 31, y + 5*g = 11. What is the units digit of y?
1
What is the units digit of (51/68)/(1/44)?
3
Let b = -11 + 14. Suppose b*i - 2 - 1 = 0. What is the units digit of i?
1
Suppose -3*m + 21 = -4*p + 2*m, m - 10 = -5*p. What is the units digit of (-50)/(-2) + -3*p?
2
Let a = -1 + 1. Suppose -l + 4 + 3 = m, 5*m = 4*l + 17. Suppose l = 2*c - a. What is the units digit of c?
1
Suppose -4*j + 19 + 116 = 5*q, -j + 50 = -2*q. Let a = j + -19. Suppose 0 = t + 2*t - a. What is the units digit of t?
7
Let v(x) = -x - 1. Let m be v(-4). Suppose 6 = -m*z, 5*w + 6*z = 2*z + 117. What is the tens digit of 1*(w + 1)/2?
1
Let c = 18 - 21. Let n(v) = 6*v**2 + 5*v + 2. What is the tens digit of n(c)?
4
Let c(p) = -9*p + 28. What is the tens digit of c(-7)?
9
What is the tens digit of (22/33)/(-4*1/(-894))?
4
Let x(q) be the third derivative of -q**5/60 - q**4/6 - q**3/2 - 2*q**2. Let o be x(-2). What is the units digit of (o - -1) + 7 - -2?
1
Suppose 1 = -4*f + 9. Let z(d) = 7*d. Let b(c) = -6*c. Let g(v) = -6*b(v) - 5*z(v). What is the units digit of g(f)?
2
Suppose -4*j - 5 = 19. Let r be 8/(-3)*j/4. Suppose 0 = 2*d + o - 4, -5*o = -r*d - 7 + 1. What is the units digit of d?
1
Suppose 5 + 23 = 4*k. Let c be (-1 + k)/((-10)/(-5)). Suppose -3*m + 12 = -c*a, -4*a = -5*a + 5. What is the units digit of m?
9
Suppose 0 = 3*x - f - 26 - 19, 4*f + 12 = 0. Suppose -5*y - 2*b + x = -86, 0 = -2*y - 3*b + 29. What is the units digit of y?
2
Suppose -3*z = -15 + 111. Let r(k) = k - 14. Let d be r(-9). Let f = d - z. What is the units digit of f?
9
Suppose -5*h + 0*h - 4*r + 135 = 0, 2*h - 61 = -3*r. What is the units digit of h?
3
Let x(c) = c**2 + 3*c + 4. Let n be x(-7). Suppose -j - 10 = -n. Suppose 3*q = -4 + j. What is the units digit of q?
6
Let c = -5 + 0. Let s be c/(-10)